8 = 0. What is the highest common factor of 11 and k?
11
Let k = 0 + 27. Suppose -2*u + 19 = 3*r, -u + k = 5*r - 0*u. What is the highest common factor of r and 5?
5
Suppose 2*t = -2*w - 2 + 22, 0 = -3*w - 4*t + 34. What is the greatest common divisor of 54 and w?
6
Suppose -4*f + 24 = -0*f. Calculate the highest common factor of f and 30.
6
Let q be 2/8 - (-1195)/20. What is the highest common divisor of q and 20?
20
Let v be (-1)/5 + 3/(60/824). What is the highest common factor of v and 41?
41
Suppose -2*u = -0*u + 150. Let t be u*3*(-6)/15. Suppose 0 = 3*y + y + 4*j - 144, 180 = 5*y + 2*j. What is the greatest common divisor of t and y?
18
Let d(j) = 3*j + 25. Let n be d(17). What is the greatest common divisor of n and 19?
19
Let n be (1 - 0) + (-5 - -2). Let x be (-2)/(-3) + n/(-6). Suppose 3*g - 5*g - 20 = -2*m, 0 = 4*m + 2*g - 46. Calculate the greatest common factor of m and x.
1
Suppose 0 = 5*u - 42 - 13. Suppose -u = -4*m - s + 7, -m - 5 = 5*s. Suppose 4*t = m*f + 31, -1 = -5*t - f + 16. What is the greatest common divisor of 10 and t?
2
Suppose 5*a - 2*a = -4*j + 544, 4*a - 680 = -5*j. What is the greatest common factor of 17 and j?
17
Suppose 0 = t - 5*t + 48. Calculate the greatest common factor of 8 and t.
4
Suppose -6*z + 2*z + 12 = 0. Suppose -z*i = i - 84. Calculate the greatest common divisor of 105 and i.
21
Let m(v) = v + 70. Let y be m(0). Let w(u) = -u + 33. Let j be w(5). Calculate the greatest common factor of y and j.
14
Let g = 43 - 25. What is the highest common factor of g and 90?
18
Suppose 34 = z + 4. What is the highest common divisor of z and 12?
6
Let c be 1*-2 - -49 - 2. Suppose -5*v = -20, -4*d = -5*d - 5*v + 29. Let o = d - -6. What is the greatest common divisor of o and c?
15
Suppose -103 = -3*w + 158. Let z = -7 + 5. Let k = z + w. Calculate the greatest common divisor of k and 34.
17
Let j(c) = -4*c**3 - 2*c**2 - 2*c - 1. Let g(n) = 2*n + 11. Let v be g(-6). Let w be j(v). Calculate the greatest common divisor of 21 and w.
3
Suppose u + 125 = 6*u. Let t(s) = -s**3 - 3*s**2 + 4*s - 5. Let n be t(-5). What is the greatest common divisor of n and u?
25
Let q(m) = -m - 8. Let h be q(-10). Suppose n = -h*n + 51. What is the highest common divisor of n and 17?
17
Suppose 4 = -a + 16. Suppose -2*n + a = 2*f, 5*f - 20 = -4*n - 0*n. What is the highest common divisor of n and 10?
10
Let o = -1 + 3. What is the greatest common factor of 22 and o?
2
Suppose 302 = -3*i + 734. What is the highest common factor of 36 and i?
36
Let z(f) = f**2 - 4*f + 4. Let v be z(4). Calculate the greatest common divisor of v and 16.
4
Let q(g) = -g**3 - 2*g**2 + g + 2. Let f be q(-2). Suppose -4*b - b + 50 = f. Suppose -3*p + 287 = -b. Calculate the greatest common divisor of p and 11.
11
Let a(s) = -s + 19. Let v be a(9). Let p = v + -8. Suppose -3*q = 5*n - 76, 5*n - p*n + 4*q - 39 = 0. What is the greatest common factor of 17 and n?
17
Suppose -21*z + 22*z = 36. Calculate the greatest common factor of 24 and z.
12
Let m(d) = -d**3 - 3*d**2 - 3*d. Let q be m(-2). Let n = 6 + -4. What is the highest common divisor of n and q?
2
Let t = -76 + 263. Calculate the highest common factor of 17 and t.
17
Suppose 3*s + 4 - 1 = 0. Let c be 7 + -3 + (-9)/s. What is the highest common factor of c and 143?
13
Let k = 17 + -5. Calculate the highest common divisor of 60 and k.
12
Let o = -790 - -796. Let i = -57 + 81. Calculate the highest common factor of o and i.
6
Let c(f) = 6*f**2 + f. Let u be 4/((0 - -1)*-2). Let n be c(u). What is the highest common factor of n and 33?
11
Suppose -m - 3*m + 114 = -3*g, 4*g + 112 = 4*m. Calculate the highest common divisor of 15 and m.
15
Let h = -1 + 1. Suppose -1 = -n - 3, h = 4*p + n - 14. Suppose -2*k + 3*y + 77 = 2*k, y = -k + 21. What is the greatest common factor of k and p?
4
Suppose -d = -6*d + 50. Calculate the greatest common divisor of d and 90.
10
Suppose -2*h = -7*h + 20, 155 = 3*l + 2*h. What is the greatest common factor of l and 14?
7
Suppose 2*j - 189 = -j. Suppose -5*v - 3*i + 30 = 0, i - 3*i = 4*v - 26. What is the highest common divisor of v and j?
9
Let v(d) = -d**3 + 6*d**2 + 6*d + 9. Let j be v(7). Suppose k - j*c - 17 = 0, 3 = 4*k + 5*c - 0. What is the greatest common factor of 77 and k?
7
Let r be 12*2*(-2)/6. Let x(l) = l**3 + 5*l**2 - 12*l - 6. Let f be x(r). Let j = -48 - f. Calculate the highest common divisor of j and 6.
6
Let h(s) = 16*s + 3. Let z be h(6). Let f = 190 + -181. Calculate the greatest common divisor of z and f.
9
Let z(o) be the first derivative of o**3/3 + o**2 - 2*o - 1. Suppose 0*c - 3*c = 9. Let n be z(c). Calculate the greatest common divisor of n and 9.
1
Suppose -o + 46 = 18. Suppose -3*r + 44 = 3*u - 85, -r + 4*u = -o. What is the highest common divisor of r and 5?
5
Let l be 2/((-6)/3)*-5. What is the highest common factor of 45 and l?
5
Let l = 6 + -4. Suppose l*z - 2 = -3*k + 2, 12 = 5*k - 2*z. Suppose -5*w + 19 = -2*r - 18, k*w - 3*r - 17 = 0. What is the highest common factor of w and 49?
7
Let j be 36/10*3/(15/25). What is the highest common divisor of j and 9?
9
Let d = -137 - -262. Suppose 4*n - d = -n. Calculate the greatest common divisor of 10 and n.
5
Suppose 3*s + 4 - 19 = 0, -5*x + 35 = 5*s. Let i be (6/(1 + 0))/x. Suppose 0 = i*p - 17 - 1. Calculate the highest common divisor of 4 and p.
2
Let v be 1/(-3*(-1)/84). What is the greatest common factor of v and 70?
14
Suppose -2*u = 4*l - 94, 4*l - 5*u - 23 = 78. What is the highest common factor of l and 12?
12
Suppose 42 = 4*w + 6. What is the greatest common divisor of w and 99?
9
Let p(s) = 7*s - 5. Let l(o) = 8*o - 6. Let v(d) = 5*l(d) - 6*p(d). Let z be v(-3). What is the highest common divisor of z and 15?
3
Let c be (0 - 8/2)/(-2). Let w be 13 + 0/(-2) + c. What is the highest common divisor of w and 3?
3
Suppose -388 = -4*r + 4*z, z - 25 = -r + 62. Suppose r - 697 = -5*k. What is the greatest common factor of 11 and k?
11
Suppose 65*j - 61*j = 960. What is the greatest common divisor of j and 30?
30
Let p = -7 + 11. Calculate the greatest common factor of 12 and p.
4
Let g = 43 - 14. Suppose 4*z - g = 983. What is the greatest common factor of z and 23?
23
Suppose -2*y + 66 = y. Let x = -876 + 1339. Suppose 3*o + 3*b - x = 125, 206 = o - 4*b. What is the greatest common divisor of y and o?
22
Suppose -b - 28 = 4*i - 1, 2*i = 3*b - 31. Let u = i - -10. Suppose -u*v = -6*v + 72. What is the highest common divisor of v and 2?
2
Let v(l) = l**2 + 6*l - 8. Let h be v(-9). Suppose 58 = -4*w + 666. Calculate the highest common factor of w and h.
19
Let q(u) = -u**3 + 13*u**2 + 3*u + 9. Let i be q(13). Calculate the greatest common divisor of 6 and i.
6
Suppose x = -5*x + 24. Suppose 0 = -3*w + 1 + 5. What is the highest common divisor of x and w?
2
Suppose -z = -w - 24, 4*z - 46 - 78 = -3*w. Calculate the highest common factor of z and 4.
4
Let z be -11 + (1 - -1) + -1. Let s be (-15)/25*z/2. Suppose 5*j + s*i = 260, -i = -5*j + i + 285. Calculate the greatest common factor of j and 11.
11
Suppose 0 = 2*z + 5*j - 20, -j - 50 = -5*z + 3*j. Calculate the greatest common divisor of z and 70.
10
Suppose -y + 84 = 64. Let h = -166 + 306. Calculate the greatest common factor of h and y.
20
Let w = 0 - 0. Let c(h) = -h + 84. Let l be c(w). What is the highest common factor of 12 and l?
12
Suppose 4*s - 3*s = w - 16, 5*s + 80 = w. Let u be 72/s*(-88)/6. Calculate the greatest common factor of u and 6.
6
Let t = -7 - -16. What is the highest common divisor of t and 27?
9
Suppose 43 = 4*k - 5. Let t = -9 + 21. What is the highest common factor of t and k?
12
Let k(w) = 4*w**2 - 4*w + 7. Let t be k(8). Suppose -4*c = -t - 441. What is the highest common factor of 21 and c?
21
Suppose 3*u = 9, w + 5*u - 83 = -29. What is the highest common divisor of 26 and w?
13
Let h = 3 + -1. Let f be 6/(-1 + h + 0). Suppose -3*j + 7*j = 24. What is the highest common factor of f and j?
6
Suppose -2*b + 2*i = -16, 3*i = b - 5 - 3. What is the highest common divisor of 80 and b?
8
Let g(f) = -f**2 - f + 2. Let w be g(0). Suppose -w*o - o = 0. Let x be (-2 - o)*(-9)/2. What is the highest common divisor of x and 45?
9
Suppose -5*x + 24 = -51. Let g = x + -8. What is the highest common factor of 56 and g?
7
Let